15 (base 6) to base 13
92
What is -c (base 16) in base 7?
-15
What is -3 (base 10) in base 6?
-3
Convert 4 (base 14) to base 5.
4
What is 301 (base 5) in base 13?
5b
Convert 11 (base 2) to base 7.
3
What is 10 (base 16) in base 9?
17
5 (base 7) to base 5
10
Convert -9 (base 13) to base 8.
-11
Convert 4 (base 8) to base 2.
100
28 (base 14) to base 4
210
Convert -9 (base 10) to base 12.
-9
54 (base 10) to base 8
66
Convert -49 (base 16) to base 13.
-58
Convert -2210 (base 3) to base 10.
-75
What is 21 (base 3) in base 16?
7
What is -23 (base 12) in base 6?
-43
What is 49 (base 12) in base 13?
45
-15 (base 7) to base 2
-1100
273 (base 9) to base 10
228
-9 (base 11) to base 4
-21
Convert 13 (base 4) to base 11.
7
What is -5 (base 10) in base 4?
-11
Convert -6 (base 14) to base 12.
-6
-125 (base 12) to base 3
-20102
-5 (base 14) to base 10
-5
72 (base 8) to base 13
46
8 (base 13) to base 12
8
What is -443 (base 7) in base 11?
-197
-1 (base 10) to base 8
-1
1123 (base 4) to base 6
231
Convert -2e (base 15) to base 3.
-1122
What is -54 (base 14) in base 2?
-1001010
Convert -1 (base 13) to base 16.
-1
44 (base 8) to base 4
210
What is 4 (base 16) in base 12?
4
Convert 74 (base 13) to base 14.
6b
-21 (base 6) to base 2
-1101
32 (base 15) to base 3
1202
-21 (base 15) to base 3
-1011
0 (base 10) to base 4
0
What is 3 (base 8) in base 11?
3
What is -41 (base 6) in base 7?
-34
What is -45 (base 12) in base 3?
-1222
Convert -a (base 14) to base 11.
-a
Convert 136 (base 11) to base 2.
10100000
Convert -180 (base 11) to base 2.
-11010001
-8c (base 16) to base 12
-b8
What is 6 (base 7) in base 8?
6
Convert -45 (base 16) to base 13.
-54
What is 1001 (base 2) in base 15?
9
Convert 1 (base 6) to base 15.
1
-a (base 14) to base 6
-14
Convert -3100 (base 4) to base 14.
-10c
What is -4 (base 12) in base 7?
-4
Convert -12 (base 4) to base 15.
-6
Convert -11 (base 15) to base 9.
-17
-7a (base 11) to base 5
-322
What is 3 (base 4) in base 14?
3
-1d (base 16) to base 13
-23
What is 6 (base 16) in base 2?
110
What is 0 (base 11) in base 8?
0
Convert 0 (base 9) to base 10.
0
Convert -11 (base 9) to base 8.
-12
Convert -26 (base 7) to base 16.
-14
Convert 116 (base 7) to base 2.
111110
What is 12012 (base 3) in base 7?
260
Convert 20 (base 3) to base 14.
6
29 (base 13) to base 6
55
Convert 1 (base 4) to base 3.
1
Convert -5b (base 13) to base 2.
-1001100
Convert 1 (base 16) to base 15.
1
0 (base 16) to base 8
0
What is 31 (base 10) in base 7?
43
What is -2 (base 14) in base 10?
-2
What is 1 (base 9) in base 6?
1
67 (base 8) to base 5
210
Convert 21 (base 6) to base 7.
16
14 (base 13) to base 16
11
Convert -1 (base 14) to base 10.
-1
What is -41 (base 16) in base 10?
-65
Convert -25 (base 6) to base 16.
-11
What is 5 (base 9) in base 7?
5
Convert -5 (base 9) to base 2.
-101
-42 (base 14) to base 11
-53
What is -20 (base 16) in base 2?
-100000
Convert -322 (base 4) to base 15.
-3d
0 (base 6) to base 3
0
What is -aa (base 16) in base 13?
-101
What is 0 (base 2) in base 13?
0
Convert 21 (base 5) to base 8.
13
Convert 3 (base 13) to base 15.
3
Convert -3 (base 16) to base 10.
-3
What is -c (base 14) in base 7?
-15
What is 23 (base 5) in base 11?
12
What is 100 (base 3) in base 16?
9
What is -c (base 15) in base 3?
-110
Convert 178 (base 15) to base 16.
152
What is -5 (base 8) in base 5?
-10
What is 62 (base 7) in base 13?
35
Convert 30 (base 8) to base 6.
40
Convert 5 (base 16) to base 4.
11
What is -e0 (base 15) in base 5?
-1320
39 (base 16) to base 11
52
112 (base 7) to base 2
111010
-47 (base 8) to base 3
-1110
What is -230 (base 6) in base 10?
-90
What is 4 (base 8) in base 13?
4
What is 1 (base 14) in base 5?
1
Convert -401 (base 7) to base 16.
-c5
What is -1 (base 5) in base 8?
-1
What is -17 (base 9) in base 7?
-22
What is 50 (base 6) in base 10?
30
Convert 145 (base 8) to base 3.
10202
Convert 1000 (base 4) to base 14.
48
-3 (base 7) to base 11
-3
-102 (base 4) to base 7
-24
What is -30 (base 9) in base 7?
-36
Convert 2 (base 13) to base 10.
2
Convert 10 (base 2) to base 4.
2
-163 (base 9) to base 5
-1023
-21 (base 12) to base 9
-27
Convert 110100 (base 2) to base 3.
1221
15 (base 10) to base 14
11
Convert 11 (base 14) to base 13.
12
What is 121 (base 3) in base 12?
14
What is -4 (base 10) in base 14?
-4
What is 132 (base 4) in base 11?
28
60 (base 11) to base 3
2110
-77 (base 10) to base 2
-1001101
Convert 243 (base 6) to base 14.
71
-22 (base 10) to base 13
-19
Convert -9 (base 16) to base 8.
-11
What is 1 (base 3) in base 15?
1
-1 (base 7) to base 8
-1
Convert -3 (base 4) to base 6.
-3
Convert 231 (base 8) to base 7.
306
-4b (base 15) to base 7
-131
What is 20211 (base 3) in base 8?
270
Convert -20 (base 7) to base 12.
-12
-292 (base 10) to base 2
-100100100
-21 (base 7) to base 5
-30
What is -9 (base 11) in base 6?
-13
Convert 6 (base 7) to base 3.
20
What is 11000 (base 2) in base 15?
19
What is 4 (base 10) in base 9?
4
Convert -212 (base 4) to base 11.
-35
Convert -11 (base 9) to base 14.
-a
e (base 15) to base 5
24
Convert -28 (base 11) to base 10.
-30
What is 15c (base 16) in base 13?
20a
26 (base 15) to base 11
33
Convert 44 (base 7) to base 6.
52
2 (base 8) to base 5
2
Convert 2 (base 8) to base 10.
2
Convert -12 (base 3) to base 8.
-5
What is 122 (base 4) in base 16?
1a
-19 (base 10) to base 8
-23
Convert -43 (base 9) to base 3.
-1110
108 (base 9) to base 11
81
-301 (base 11) to base 14
-1c0
-6 (base 15) to base 13
-6
-10 (base 5) to base 2
-101
Convert -20101 (base 3) to base 16.
-ac
-33 (base 14) to base 10
-45
What is -6 (base 11) in base 8?
-6
What is 22 (base 9) in base 13?
17
-13 (base 4) to base 5
-12
-5 (base 10) to base 3
-12
What is 0 (base 3) in base 16?
0
What is -2 (base 10) in base 4?
-2
Convert -5 (base 14) to base 16.
-5
What is -31 (base 14) in base 5?
-133
What is 0 (base 12) in base 3?
0
Convert -23 (base 13) to base 16.
-1d
Convert 20 (base 7) to base 9.
15
Convert 13 (base 4) to base 15.
7
211 (base 7) to base 16
6a
Convert 3 (base 9) to base 14.
3
83 (base 16) to base 2
10000011
175 (base 10) to base 12
127
Convert -35 (base 13) to base 3.
-1122
a5 (base 12) to base 11
104
Convert -22 (base 3) to base 4.
-20
What is -10 (base 7) in base 14?
-7
3 (base 15) to base 2
11
Convert 44 (base 7) to base 3.
1012
Convert -133 (base 6) to base 4.
-321
What is 1 (base 5) in base 2?
1
Convert 0 (base 10) to base 5.
0
Convert 20 (base 3) to base 9.
6
What is 1 (base 8) in base 4?
1
What is -45 (base 8) in base 14?
-29
1 (base 3) to base 2
1
What is -6 (base 16) in base 11?
-6
Convert 3 (base 11) to base 12.
3
-7 (base 11) to base 3
-21
What is 3 (base 6) in base 15?
3
Convert 31 (base 7) to base 12.
1a
Convert 1421 (base 5) to base 13.
152
What is -146 (base 8) in base 12?
-86
What is -100010 (base 2) in base 11?
-31
What is 3 (base 6) in base 9?
3
What is -1c (base 16) in base 2?
-11100
Convert 312 (base 5) to base 12.
6a
What is 235 (base 9) in base 3?
21012
Convert 3 (base 4) to base 3.
10
Convert -19 (base 15) to base 9.
-26
21 (base 7) to base 11
14
63 (base 8) to base 4
303
Convert -38 (base 12) to base 6.
-112
Convert 4 (base 8) to base 10.
4
2 (base 13) to base 11
2
Convert 47 (base 9) to base 8.
53
What is 38 (base 16) in base 5?
211
3 (base 10) to base 5
3
What is -58 (base 11) in base 7?
-120
What is -13 (base 16) in base 12?
-17
-520 (base 7) to base 4
-10003
-106 (base 9) to base 5
-322
-100 (base 3) to base 14
-9
-1000001 (base 2) to base 16
-41
What is -371 (base 8) in base 11?
-207
-10 (base 4) to base 10
-4
Convert -16 (base 11) to base 12.
-15
151 (base 7) to base 16
55
Convert 32 (base 7) to base 11.
21
Convert 21 (base 6) to base 15.
d
What is 3 (base 7) in base 15?
3
3 (base 12) to base 10
3
44 (base 6) to base 12
24
What is 2 (base 11) in base 12?
2
1 (base 11) to base 14
1
What is -110 (base 3) in base 14?
-c
-24 (base 9) to base 8
-26
What is -30 (base 4) in base 7?
-15
What is 1101 (base 2) in base 9?
14
Convert -76 (base 14) to base 2.
-1101000
1200 (base 3) to base 12
39
What is 2 (base 16) in base 10?
2
What is 451 (base 7) in base 10?
232
Convert 3 (base 10) to base 14.
3
Convert -83 (base 14) to base 2.
-1110011
Convert a (base 12) to base 6.
14
What is 1 (base 8) in base 5?
1
31 (base 9) to base 11
26
Convert 34 (ba